e -4*i + p*i - 12 = 0. What are the prime factors of i/((-27)/30)*-3?
2, 5
Let n(z) = z**2 + 7*z + 2. Let x(g) = 1. Let m(s) = n(s) + 2*x(s). Let o = 12 - 20. List the prime factors of m(o).
2, 3
Let x be (-4)/((-12)/5)*18. Suppose 72 = 7*r - 3*r - 3*y, -2*r + 3*y = -x. List the prime factors of r.
3, 7
Let x = 1 + 4. Suppose x*v = v. Suppose 4*c = 2*b - 28, -45 = -v*b - 4*b - 3*c. What are the prime factors of b?
2, 3
Let v(t) = t**3 + 5*t**2 - 6*t - 7. Let m = -14 + 9. What are the prime factors of v(m)?
23
Let f = 3 - 4. Suppose -8 = -b + 2*b. List the prime factors of 2/((f + -1)/b).
2
List the prime factors of 31/(-2)*(-4 - 0).
2, 31
Suppose 0 = -5*q + 5 - 0. List the prime factors of 3 + 1/(q/2).
5
Suppose -r - 17 = -4*s, 2*r - 2 = -6*s + 2*s. Suppose 2*h + 3*h = -2*v, 0 = s*h + 12. Let f = 22 - v. What are the prime factors of f?
2, 3
Let o = 2 - -1. Let c(s) = -o*s + 2*s**3 + 2*s - s**3 + 1 + 2*s**2. List the prime factors of c(2).
3, 5
Let g(h) = h**3 + 2*h**2 - 4*h - 4. Let d be g(-3). Let c be 2/(-6)*d*9. Suppose 12 = 5*i - c*i. What are the prime factors of i?
2, 3
Let u(a) = -4*a - 4. Let j(w) = 4*w + 4. Let d(n) = 2*j(n) + 3*u(n). What are the prime factors of d(-6)?
2, 5
Suppose w - 6 = j, w + 4 = -3*w. Let r = 7 - j. List the prime factors of r.
2, 7
Suppose -7*p + 10*p - 340 = 2*k, -5*k = p - 119. What are the prime factors of p?
2, 3, 19
Let h(c) = c**2 - c. Let x be h(-1). Suppose -l + 0*g + 5*g = 11, -4*g = x*l - 48. What are the prime factors of l?
2, 7
Suppose f - 397 = -2*x - 0*f, 591 = 3*x - 3*f. What are the prime factors of x?
2, 3, 11
Let c = 9 + -4. Suppose -3*n - c = 2*n. List the prime factors of n/3 + 62/6.
2, 5
Let o(f) = 2*f + 3. Let s(t) = -t. Let a be s(-4). List the prime factors of o(a).
11
Let p be (1/(-2))/(1/(-4)). Suppose 0 = -5*b + p*b + 3. What are the prime factors of (4/10)/(b/40)?
2
Let y = -2 - -20. Let k = 47 - y. What are the prime factors of k?
29
Let b = -33 - -48. Suppose -5*q = -2*q - b. What are the prime factors of q?
5
Suppose 300 = 5*c - 700. List the prime factors of c.
2, 5
Suppose -4*p + 29 = k, p - 2*p + 79 = 2*k. What are the prime factors of k?
41
Suppose -200 + 20 = 4*y. What are the prime factors of (-6)/(-45) - 2019/y?
3, 5
Let v be (-685)/(-25) - 2/5. Let u = 21 + v. List the prime factors of u.
2, 3
Let c(g) = -g**2 + 4*g + 7. Let s be c(5). Let l be (-1)/2 - s/(-4). Suppose -24 = -l*f - 3*f. List the prime factors of f.
2
Let n = 4 + -4. Suppose -3*p - 13 = -5*d + 3, n = 4*d + 3*p - 29. Suppose 7 + 13 = d*r. List the prime factors of r.
2
Let r(z) be the first derivative of z**5/30 + z**4/12 + z**3/3 + 3. Let x(q) be the third derivative of r(q). What are the prime factors of x(3)?
2, 7
List the prime factors of ((-1)/(-1))/(3/114).
2, 19
Suppose 4*f - 3*x = 437, -4*f - 4*x + 66 = -406. What are the prime factors of f?
113
Suppose -4*f + 3*a = -598, -2*a = 3*f + 2*f - 736. List the prime factors of f.
2, 37
List the prime factors of 1 + ((-2)/(-7) - 2952/(-56)).
2, 3
List the prime factors of 6/2*(-5 - -64).
3, 59
Let t = 26 + -7. List the prime factors of t.
19
Let d = 1 + 2. Suppose d*h + 12 = 4*h. Suppose 0*c + 2*a = 2*c - h, 0 = -c - 5*a + 24. List the prime factors of c.
3
Let x be 2*(2/(-4) + 1). Suppose 5*d = 3*m - 21, d - x = m + 2*d. Suppose 3*y = -5*z + 57, m*z + 0*y - 3*y - 6 = 0. List the prime factors of z.
3
Let r be 2/9 + (-43)/(-9). Suppose r*w + 4*q - 29 = 0, 0*w = -2*w + 3*q + 7. List the prime factors of w.
5
Suppose 2*u + 42 = g, -35 = -g + u - 6*u. List the prime factors of g.
2, 5
Suppose 2*u + 12 = 16. List the prime factors of u.
2
Suppose 2*u = 108 + 4. Suppose -3*b - 2*y - 2*y = -41, -4*b - 4*y = -u. What are the prime factors of b?
3, 5
Let t(u) = u**3 - 2*u**2 + 2*u - 3. Let g be t(3). Let o be (8/g)/((-2)/(-6)). What are the prime factors of (-1 - o) + 14/2?
2
Let f(o) be the first derivative of -o**2/2 - 3*o + 2. Let a be f(-3). Suppose -2*d + 10 + 6 = a. What are the prime factors of d?
2
Let b(g) = g + 15. Suppose 8 = -2*m - 2*p, -3*m + 2*p = -2*m - 8. List the prime factors of b(m).
3, 5
Let j be 1/2 - 12/8. Let o = j - 10. Let g = -8 - o. What are the prime factors of g?
3
Let v(r) = -r**3 + 14*r**2 - 15*r + 10. Let h be v(13). Let j(p) = -6*p - 10. Let t(q) = -q - 2. Let o(s) = h*t(s) + 3*j(s). List the prime factors of o(-6).
2, 7
Let r(y) = -y**3 - 7*y**2 - 8*y + 2. List the prime factors of r(-6).
2, 7
Suppose -18 = 2*s - 4*w, 23 = -5*s + 5*w - 17. Let d = s + 9. List the prime factors of d.
2
Suppose -c + 67 = 22. What are the prime factors of c?
3, 5
Suppose 5*y - 3*y = v + 25, -4*y = v - 41. Let r = -5 + y. List the prime factors of r.
2, 3
Suppose 2*i + 5*s = 14 + 31, 85 = 2*i - 3*s. List the prime factors of i.
5, 7
What are the prime factors of 100/8*(1 - -1)?
5
Let m be 20/(-16)*2*2. What are the prime factors of (m/3)/(11/(-198))?
2, 3, 5
Let s(f) = 6*f**3 - f**2 - 8*f. Let r(j) = -j**3 - j**2 + j + 1. Let p(a) = 4*r(a) + s(a). What are the prime factors of p(4)?
2, 3
Let y = 9 - 9. What are the prime factors of 15*(-3 - y - -4)?
3, 5
Let k = -78 + 48. Let q be k*(6/(-3))/2. What are the prime factors of q/((-2)/(-1))*1?
3, 5
Let x(z) = -4*z**3 + z + 1. Let r be x(-1). Suppose -4*g - 4 = 0, -r*g + 51 = -4*i + 167. List the prime factors of i.
2, 7
Suppose -4*x - 20 + 4 = 0. List the prime factors of 153/12 - 1/x.
13
Let d be (-2)/(-9) - (-225)/81. Suppose d*v = -r + 28, -v + 0*r + 36 = -5*r. List the prime factors of v.
11
Let b(w) be the first derivative of -w**4/12 - w**3 + 5*w**2/2 + w + 1. Let k(v) be the first derivative of b(v). What are the prime factors of k(-5)?
2, 5
Let g = -36 - -71. List the prime factors of g.
5, 7
Let w be 3/(4*1/4). Suppose -2*b = -w*v - 12, 0*v - 2*v + 56 = 4*b. What are the prime factors of b?
2, 3
Let p be (-144)/(-10) + (-6)/15. Let c be 36/(-14)*p/(-2). Let l = c - 10. What are the prime factors of l?
2
Let m = 4 - -9. Let d be 8/(-2 + 4)*m. Suppose -5*z + 2*w = -d, -5*w - 44 = -4*z - w. List the prime factors of z.
2, 5
Let y be -4*5*8/(-10). Let h = y - 11. List the prime factors of h.
5
Suppose -12 = -2*j - 2*b, -22 = -5*j - 2*b - b. Suppose j*w - 12 = 18. What are the prime factors of w?
3, 5
Let r = 9 + -15. Let x be 3/((-4)/(16/r)). Suppose -4 = -2*k - 5*a - x, -4*k - a = -40. List the prime factors of k.
11
Suppose 0*u + 3*k = 3*u - 3, 0 = u - 5*k + 19. What are the prime factors of u?
2, 3
Suppose -2*q - 1 = -5. Let w(k) = 3*k**q - 1 - k + 0*k**2 - k**2. What are the prime factors of w(2)?
5
Suppose -c - c + 12 = 0. Suppose -q + 7 = 3*b, -5*b = q - 5 - c. Suppose b*l - 2 = 0, -o - 14 = -2*o + 2*l. List the prime factors of o.
2
Suppose o - 18 = 4*o. Let t = 9 + o. Suppose 12 = l + 3*s - 6, l + 6 = t*s. List the prime factors of l.
2, 3
Let r be (-6 - -4) + 36 + 1. Suppose 2*i + 19 = i. Let j = r + i. What are the prime factors of j?
2
Let f = -98 - -171. Let u = f + -21. List the prime factors of u.
2, 13
Let w(v) = -v**3 - 5*v**2 - 7*v - 4. Let o be w(-4). Suppose -2*a - o = 2. Let r = a + 9. What are the prime factors of r?
2
Suppose -6 = 4*t - 5*t. Suppose l + 2*l = t. What are the prime factors of 6 + -1*l*-1?
2
Let d(m) = m**2 + 3*m - 1. Let z be d(-6). Suppose -2*k + 23 + z = 0. Suppose 0 = -2*h + 6 + k. What are the prime factors of h?
13
Let z(k) = -k - 12. Let w be z(-5). Let h(t) = t**3 + 6*t**2 - 9*t - 9. List the prime factors of h(w).
5
Let n be 4/5 + (-3)/(-15). List the prime factors of 6 + (0 - -2)*n.
2
Let x(z) = -10*z - 4. Let k be x(-3). Let b be 54/4 + 2/4. Let t = k - b. What are the prime factors of t?
2, 3
Let j(h) = -h**3 + 6*h**2 - 6*h + 7. Let d be j(5). Suppose d*v - 4 = 2. What are the prime factors of v?
3
Suppose -23 = 5*g - 3. Let a be g/(-12) + (-2)/6. Suppose -4*k + 26 - 2 = a. What are the prime factors of k?
2, 3
Let i = 12 + -11. What are the prime factors of (-5 - (-3)/i)*-10?
2, 5
Suppose 4*l - 4*w = 52, 4*l - 5*w - 55 = -0*l. Let x = -5 + l. What are the prime factors of x?
5
Let y(m) = 34*m**2. List the prime factors of y(-1).
2, 17
Let k(h) = -h**2 + 11*h + 6. Let b be k(11). Let z be 24*(15/b - 3). Let y = 18 + z. What are the prime factors of y?
2, 3
Let z = 250 - 140. What are the prime factors of z?
2, 5, 11
Suppose 4*v - v = 9. Suppose 